 (-4 - -7) + 1?
-4
Evaluate 1 + 2 + (9 + -1 - 6).
5
8 - 4 - (15 - 4)
-7
What is (5 + -3 + 2 - -3) + -9?
-2
What is the value of 3 - 5 - -3 - 5 - -9?
5
Evaluate (-1 - (-4 - -11)) + 11.
3
What is the value of -3 - 4 - (-1 + 9 - 14)?
-1
Evaluate (-6 - 7) + -3 + 8.
-8
2 - (6 - (0 + 2))
-2
Calculate -2 - (-7 - (1 + (-7 - -9))).
8
What is the value of 12 + -5 + -3 - (2 + 0)?
2
What is 1 + 2 + (1 - 1) + 0?
3
What is the value of -14 - -10 - (-2 - -3)?
-5
What is the value of (-3 - -4) + -3 + 2?
0
What is -1 + 8 + 7 + -18?
-4
Calculate 5 - (0 + 3) - (2 + 2).
-2
Calculate 1 + 2 + -3 + (-3 - -7).
4
(7 - 3) + (-1 - 2)
1
4 + -5 + 2 + -3
-2
Evaluate 3 - 0 - (4 - -2).
-3
Calculate 9 - (7 + -3 - 0).
5
Calculate -15 + 33 + -12 - (6 - -1).
-1
-3 + -7 + 3 + 4
-3
Calculate -10 - -2 - (12 + -7 + -7).
-6
What is 3 + -1 - -1 - (-9 - -7)?
5
Evaluate 63 + -65 + (1 - (5 - 1)).
-5
Calculate 6 + (6 - 0) - 6 - -5.
11
What is 7 + (11 - (-8 - -34))?
-8
Calculate 2 - (0 - (0 - (2 + -2))).
2
Calculate (-3 - 2) + (2 - 1) - -5.
1
What is 3 - (1 + -3 + 3)?
2
What is (-2 - (-1 - -3)) + 9?
5
Calculate 7 + -12 + 15 + -5.
5
Evaluate 6 + (-5 - 1 - -5).
5
What is (-7 + 18 - 9) + -4?
-2
What is the value of -2 + -1 + -1 + 2 + 5?
3
Evaluate (0 - (5 - -10)) + 9.
-6
Calculate -9 + 9 - (-2 + 9 - 4).
-3
What is 3 + -7 - (0 + (-8 - -5))?
-1
Evaluate 166 - 160 - (-1 - (0 + -16)).
-9
2 + (-8 - -1) + (3 - -1)
-1
-3 + 3 + 7 + -11
-4
-20 + (6 - 0) - -5
-9
What is the value of 4 - (11 - 5) - -1 - -3?
2
Calculate (-3 - (0 - 5)) + -6.
-4
Evaluate -11 - (-14 + -3) - 6.
0
(12 - (-7 - -14)) + (-3 - -5)
7
Calculate 1 + -4 + 4 - 6.
-5
1 - 6 - (9 + 5 + -16)
-3
Calculate -1 + 1 + -6 + 1 + 6.
1
-5 - (-11 + 6 - -1) - -4
3
Evaluate 2 + -1 + -3 + -3 + 3.
-2
5 + (-7 - -3) + 2
3
What is the value of 4 + (11 - 4) + -7?
4
Evaluate 11 - (-10 - -2 - -14).
5
What is the value of -14 + -1 + (-3 - -11)?
-7
Evaluate (3 - 1 - 0) + -2 + 0.
0
Evaluate -2 + -3 - (-5 - 4).
4
Calculate 9 + (-4 + 4 - 4).
5
Calculate -4 + (0 - 2) + 5.
-1
What is the value of 185 - 190 - (-4 + 1)?
-2
What is the value of 115 + -117 - (-3 - -1)?
0
(-7 - (9 - 24)) + (-9 - 1)
-2
-16 + 11 + -2 + 15
8
What is -1 + 3 + 4 + -9 - 3?
-6
What is -3 + 2 + (-5 - -1)?
-5
What is 12 - 15 - (-8 - -1)?
4
Evaluate -5 + 19 + -10 - 4.
0
What is -5 + 2 + (-1 - -7) - 1?
2
What is (-6 - -2 - -5) + -1 + 0?
0
What is the value of (-3 - -7) + 1 + -1 + -3?
1
What is the value of 6 + 2 + -1 + (-3 - 1)?
3
Calculate (1 - (5 + 0)) + (-1 - -3).
-2
What is the value of 11 + -16 - (-10 + 2)?
3
What is -5 + 8 + 3 + -7 - -3?
2
What is the value of 4 - (18 - (25 - 11))?
0
4 - (-1 + 14) - -14
5
What is the value of (0 + -1 - 1) + 7?
5
-2 - 10 - -9 - (1 + -10)
6
Calculate 6 - (9 + -10 + 6).
1
Evaluate -4 + -6 + (5 - -13).
8
What is the value of (-1 - (3 - 8)) + (0 - -1)?
5
4 + (-3 - -3 - (0 - -2))
2
Evaluate 4 + -1 - (-1 + 5).
-1
Calculate -7 + (-2 - -2) + 5.
-2
What is the value of -5 + (3 - (-1 + -2)) + -3?
-2
Evaluate (-18 - (-10 - -2)) + 7.
-3
Calculate -14 - (-9 - (10 + -11)).
-6
25 - 31 - (2 + -6 - 2)
0
-6 - ((6 - -3) + -19)
4
Calculate -1 - ((0 + -3 - -2) + -5).
5
Evaluate (20 - (-13 + 35)) + -4 + 0.
-6
What is the value of (5 - -1) + 0 - (-74 - -76)?
4
Evaluate 7 + (-3 - (-4 + 3)).
5
Evaluate 0 + 3 - (31 - 21).
-7
-2 + (2 - 4) - (-1 - 5)
2
What is the value of -1 - (-7 - -3) - 4?
-1
What is the value of 15 - 18 - (3 + 1)?
-7
What is the value of 17 + 0 + (223 - 238)?
2
Calculate 11 + -1 + (3 - 2 - 6).
5
-1 - 3 - (-4 - (5 - 7))
-2
What is (4 - -4 - 1) + -3?
4
Evaluate (-3 - (-5 - 1)) + 2 - 10.
-5
-6 + (6 - 3) - (-3 - 0)
0
(3 - (9 + -8)) + -10
-8
What is the value of -3 + (-10 - -5) + 4?
-4
0 + (-2 + -3 - (-5 - -2))
-2
Calculate (-9 - -1) + (0 - -4 - 1).
-5
1 + 2 - (-9 + 24 - 10)
-2
What is the value of 9 + -4 + -1 + -9?
-5
What is the value of -1 + (-3 - -7) + (7 - 9)?
1
9 + -10 + 6 - 5
0
Evaluate 2 + -6 + (-9 - -3 - -4).
-6
(-7 - (-7 - 4)) + 3
7
Evaluate (1 + -2 - -4) + (-9 - 0).
-6
What is 10 + (2 + -3 - 3) - 8?
-2
Calculate 5 + -4 + (-6 + 1 - -5).
1
Calculate (-2 - (-4 + -1) - 6) + 5.
2
Calculate (-9 - -5) + 5 + 0.
1
What is -7 + 1 + (3 - 1)?
-4
(-2 - 0) + (-4 - -8)
2
What is -1 + (-4 - -1 - (-7 - -1))?
2
Calculate -25 - -24 - (0 + -4).
3
Evaluate -6 - (-1 - 0) - (55 + -60).
0
(-3 - (-2 - -1)) + 8 + -1
5
Evaluate 6 - 0 - ((-2 - -1) + 4).
3
What is 0 - 5 - (4 + -11 + 10)?
-8
(1 - -2) + -4 + 3 - 8
-6
What is the value of 4 - (56 + -45 - (1 + 1))?
-5
Evaluate (8 - 4) + 1 + -1.
4
What is the value of 139 - 127 - (1 + 9)?
2
(10 - 12) + (-1 - 0)
-3
(0 - (-3 + 7)) + (-6 - -11)
1
What is -5 + (4 - 5 - -3 - -4)?
1
What is 0 + (-9 - -10) + -9?
-8
Calculate 3 + (-2 - -4) + -1 - -1.
5
Evaluate -12 - (2 + -3 + -8).
-3
10 - (-2 + 7) - 0
5
3 - (-13 + 7) - 6
3
(5 - (0 + 11)) + 8
2
What is (4 - 0 - 6) + 5?
3
Calculate 3 - (-1 + 9) - -10.
5
Calculate 9 - (0 + (0 - -14)).
-5
(11 - 22) + (10 - 1)
-2
(7 - 13) + 2 + 2 + -3
-5
Evaluate (1 - -3) + -4 + 4.
4
-3 - (-2 + 3 + 0)
-4
-19 + 17 - (2 - 1) - 0
-3
What is the value of -1 - (3 - 1) - (-4 + 2)?
-1
What is the value of 5 + -6 + 0 + 1 + -1?
-1
-2 + 0 + 19 + -21
-4
What is the value of (-2 - (-3 - -3)) + 2?
0
0 + -2 + -4 - -2
-4
Calculate (2 - 3 - 0) + -14 + 10.
-5
9 - (0 + 10 + -6)
5
Evaluate 2 - 0 - (1 - 0).
1
What is 7 + -7 + (5 - 3)?
2
What is -2 + 11 - (15 + -1)?
-5
What is the value of -1 - ((-2 - -2) + -5)?
4
What is (-2 - 0) + 0 - (4 - 6)?
0
Evaluate 10 - 2 - (11 + -2).
-1
Calculate 7 + (-2 - 3) - 2.
0
Calculate 5 - -3 - (11 + -1 + -6).
4
What is 7 - 0 - (3 - (0 + -1))?
3
Calculate (1 - 1) + -11 + 15.
4
-33 - -31 - (-5 - -1 - 2)
4
Evaluate -7 + 4 + (0 + 0 - 3).
-6
What is the value of -3 - (-3 + (2 - (-3 + 3)))?
-2
What is the value of (5 - 2) + 1 + -7?
-3
(0 - -3) + -5 + -3 - -1
-4
What is the value of (-8 - -1) + 5 + (-13 - -13)?
-2
Evaluate -5 - -3 - -6 - 8.
-4
-3 + 1 + -6 + 6 + 4
2
(-7 + 2 - (-10 + 1)) + -1
3
What is the value of -6 + (0 - (-5 - -2)) + 3?
0
Evaluate 10 - (-14 - -12) - 8.
4
Evaluate (21 - 14) + -3 + 1.
5
Evaluate (6 - 11 - -3) + (8 - -3).
9
Evaluate -4 + -1 + -2 + -9 + 16.
0
-1 - (6 + (1 - 4))
-4
Evaluate 2 - (2 + 3 + -7 + 6).
-2
What is the value of 10 + -2 + -19 - -12?
1
What is the value of 5 - (5 - (-5 - -5))?
0
Evaluate (-14 - -9 - -6) + (-7 - -2).
-4
3 + (-2 - (-2 - -3))
0
What is -3 - -2 - (1 + (-8 - -3))?
3
Calculate -6 - (5 + -9 - 2).
0
Evaluate (1 - 2 - -9) + 37 + -43.
2
Calculate 1 - (3 + (3 - -1) + -8).
2
What is 5 + -5 - (6 + -11)?
5
What is the value of -1 + -4 + (1 + 9 - 9)?
-4
Calculate 5 + (1 - -2 - (-3 + 10)).
1
Calculate -7 + -3 + -1 + 3 + 5.
-3
What is 6 + 1 + -4 - 8?
-5
Evaluate 20 + (-4 - -1) + 1 + -8.
10
What is 1 + (-3 - (-6 - -4))?
0
What is the value of 8 - (-9 - -11 - -5)?
1
What is -2 + (13 - 12) - 0?
-1
What is 5 + (-6 + 1 - -1)?
1
Evaluate 3 + -1 + -11 + 0 + 3.
-6
What is the value of -3 + (4 - 0) + 2 + -6?
-3
What is 5 - (-3 - -1 - (-2 - 3))?
2
Evaluate (-2 + 12 - 3) + -1.
6
(-6 - (3 + 1)) + 11
1
Calculate -5 + 11 - (-1 - -5).
2
Evaluate 1 + (-1 - 2) - -4 - -1.
3
What is 0 + (1 - (-4 + 5))?
0
What is 5 + -2 - (10 + -5)?
-2
What is the value of 142 + -150 + (2 - (-4 + 2))?
-4
What is the value of (5 + 6 - 0) + -6?
5
5 + (-1 - (-1 - -2))
3
4 - 18 - -3 - (-5 + 2)
-8
What is the value of (-2 + 4 - (0 - 1)) + -3?
0
-3 - (-4 - 5) - (14 + 0)
-8
What is the value of (-4 + 0 - 4) + 2?
-6
What is -102 + 108 + -1 + -1?
4
What is the value of 3 - (2 - -5 - 4)?
0
(-5 - -4) + 4 - 2
1
Calculate 2 + (-8 - (-2 + -5)) + 7.
8
Calculate -7 + 9 + -6 + 1 + 6.
3
Calculate (2 - (-22 + 5)) + -10.
9
Calculate -3 + -1 + 10 + -9.
-3
What is 11 + -9 + -3 - -1?
0
-3 + 1 - -6 - (-2 + 7)
-1
What is the value of 4 + -6 + -5 + 18 + -10?
1
Evaluate 9 - 14 - (0 - 3).
-2
Calculate 2 + -4 + (6 - (9 + -3)).
-2
5 - (1 + 0 + -50 + 48)
6
What is -2 - -1 - (-2 + -2)?
3
4 + -9 - (3 - (-1 - -1))
-8
10 + -4 + 0 + (-4 - -2)
4
What is 1 - ((-4 - 1) + 5)?
1
What is 4 + -1 + 1 - 2?
2
Calculate -3 + 1 + 0 + (2 - 5).
-5
Calculate 2 + (3 - 2 - 3) + 3.
3
What is the value of (5 - 1) + -7 + (4 - 0)?
1
What is the value of 7 + 6 + -5 + -5?
3
Evaluate -2 - -7 - 9 - -6.
2
What is the value of (3 - -4) + -4 + 0 + 0?
3
Evaluate (17 - (11 - 5)) + -18.
-7
-1 - (20 + -23) - (3 - 0)
-1
Evaluate (0 - 0) + (22 - 24).
-2
Calculate -1 - (4 - 4 - -3